{"id":18,"date":"2022-08-13T23:25:45","date_gmt":"2022-08-13T21:25:45","guid":{"rendered":"https:\/\/www.medienoekonomie.at\/?page_id=18"},"modified":"2022-08-13T23:25:45","modified_gmt":"2022-08-13T21:25:45","slug":"willkommen","status":"publish","type":"page","link":"https:\/\/www.medienoekonomie.at\/?page_id=18","title":{"rendered":"Willkommen"},"content":{"rendered":"\n<p>Ich freue mich \u00fcber Ihr Interesse an<strong>&nbsp;Medien\u00f6konomie als wissenschaftlicher Teildisziplin der Kommunikationswissenschaft und als gesellschaftlicher Praxisbereich (Medienwirtschaft).<\/strong>&nbsp;<\/p>\n\n\n\n<p>Mein theoretischer Ansatz ist eine&nbsp;<strong>Kritik der politischen \u00d6konomie der Medien<\/strong>, d.h. medien\u00f6konomische Analysen werden als Teil einer&nbsp;<strong>Gesellschaftskritik (Kapitalismuskritik)<\/strong>&nbsp;im Rahmen&nbsp;<strong>kritischer Gesellschaftstheorie<\/strong>&nbsp;durchgef\u00fchrt. <\/p>\n\n\n\n<p>Sie finden auf diesen websites Hinweise zu meiner Forschungs- und Lehrt\u00e4tigkeit sowie zu meinen wissenschaftlichen Publikationen zu den Fachgebieten <\/p>\n\n\n\n<ul class=\"wp-block-list\"><li>Medien\u00f6konomie, Medienkonzentration, <\/li><\/ul>\n\n\n\n<ul class=\"wp-block-list\"><li>Kritik der Politischen \u00d6konomie der Medien, <\/li><\/ul>\n\n\n\n<ul class=\"wp-block-list\"><li>Digitalisierung\/Restrukturierung\/Transformation der Medienindustrie, <\/li><\/ul>\n\n\n\n<ul class=\"wp-block-list\"><li>Jugendpresse, <\/li><\/ul>\n\n\n\n<ul class=\"wp-block-list\"><li>Neue Medien, <\/li><\/ul>\n\n\n\n<ul class=\"wp-block-list\"><li>Nichtkommerzielle Alternative Medien, <\/li><\/ul>\n\n\n\n<ul class=\"wp-block-list\"><li>Medienjournalismus, <\/li><\/ul>\n\n\n\n<ul class=\"wp-block-list\"><li>Pressevertrieb\/Postzeitungsdienst, <\/li><\/ul>\n\n\n\n<ul class=\"wp-block-list\"><li>, Medienwirkungsforschung, <\/li><\/ul>\n\n\n\n<ul class=\"wp-block-list\"><li>Wissenschaftskommunikation OPEN ACCESS.<\/li><\/ul>\n\n\n\n<h2 class=\"wp-block-heading\">O.Univ. Prof. Em. Dr. Manfred Knoche<br>Universit\u00e4t Salzburg, Fachbereich Kommunikationswissenschaft<\/h2>\n\n\n\n<p><\/p>\n\n\n\n<p><\/p>\n\n\n\n<h2 class=\"wp-block-heading\"><strong>Was ist Medien\u00f6konomie?<\/strong><\/h2>\n\n\n\n<p>Die kommunikationswissenschaftliche Medien\u00f6konomie hat einen dreifachen <strong>Praxisbezug:<\/strong> <\/p>\n\n\n\n<ul class=\"wp-block-list\"><li>einen analytischen (universit\u00e4re Forschung und Lehre), <\/li><\/ul>\n\n\n\n<ul class=\"wp-block-list\"><li>einen pragmatischen (Beratungsprojekte) sowie <\/li><\/ul>\n\n\n\n<ul class=\"wp-block-list\"><li>einen edukativen (Ausbildung von Studierenden). <\/li><\/ul>\n\n\n\n<p>Zentrales Anliegen ist die Vermittlung medien\u00f6konomischer Fachkompetenzen. Die Generierung dieser Kompetenzen bedarf der <strong>empirisch fundierten Analyse von Prozessen und Auswirkungen <\/strong>einer internationalen Kapitalisierung des Informations-, Kommunikations-, Medien- und Kultursektors. <\/p>\n\n\n\n<p>Da Medienunternehmen fast ausschlie\u00dflich <strong>kapitalistisch-privatwirtschaftlich<\/strong> organisiert sind, Medienprodukte folglich als Waren nach \u201eMarkt- und Wettbewerbsprinzipien\u201c unter der Zielsetzung der Profitmaximierung bereitgestellt werden, ist die medien\u00f6konomische Analyse grundlegend f\u00fcr das Studium der Kommunikationswissenschaft, aber auch f\u00fcr eine dar\u00fcber hinausgehende <strong>Gesellschaftsanalyse, -theorie und -kritik im Rahmen von Kapitakismusanalyse, -theorie und -kritik<\/strong>.<\/p>\n","protected":false},"excerpt":{"rendered":"<p>Ich freue mich \u00fcber Ihr Interesse an&nbsp;Medien\u00f6konomie als wissenschaftlicher Teildisziplin der Kommunikationswissenschaft und als gesellschaftlicher Praxisbereich (Medienwirtschaft).&nbsp; Mein theoretischer Ansatz ist eine&nbsp;Kritik der politischen \u00d6konomie der Medien, d.h. medien\u00f6konomische Analysen werden als Teil einer&nbsp;Gesellschaftskritik (Kapitalismuskritik)&nbsp;im Rahmen&nbsp;kritischer Gesellschaftstheorie&nbsp;durchgef\u00fchrt. Sie finden auf &hellip; <a href=\"https:\/\/www.medienoekonomie.at\/?page_id=18\">Weiterlesen <span class=\"meta-nav\">&rarr;<\/span><\/a><\/p>\n","protected":false},"author":1,"featured_media":0,"parent":0,"menu_order":0,"comment_status":"closed","ping_status":"closed","template":"","meta":{"footnotes":""},"class_list":["post-18","page","type-page","status-publish","hentry"],"yoast_head":"<!-- This site is optimized with the Yoast SEO plugin v27.5 - https:\/\/yoast.com\/product\/yoast-seo-wordpress\/ -->\n<title>Willkommen | Manfred Knoche<\/title>\n<meta name=\"robots\" content=\"index, follow, max-snippet:-1, max-image-preview:large, max-video-preview:-1\" \/>\n<link rel=\"canonical\" href=\"https:\/\/www.medienoekonomie.at\/?page_id=18\" \/>\n<meta property=\"og:locale\" content=\"de_DE\" \/>\n<meta property=\"og:type\" content=\"article\" \/>\n<meta property=\"og:title\" content=\"Willkommen | Manfred Knoche\" \/>\n<meta property=\"og:description\" content=\"Ich freue mich \u00fcber Ihr Interesse an&nbsp;Medien\u00f6konomie als wissenschaftlicher Teildisziplin der Kommunikationswissenschaft und als gesellschaftlicher Praxisbereich (Medienwirtschaft).&nbsp; Mein theoretischer Ansatz ist eine&nbsp;Kritik der politischen \u00d6konomie der Medien, d.h. medien\u00f6konomische Analysen werden als Teil einer&nbsp;Gesellschaftskritik (Kapitalismuskritik)&nbsp;im Rahmen&nbsp;kritischer Gesellschaftstheorie&nbsp;durchgef\u00fchrt. Sie finden auf &hellip; Weiterlesen &rarr;\" \/>\n<meta property=\"og:url\" content=\"https:\/\/www.medienoekonomie.at\/?page_id=18\" \/>\n<meta property=\"og:site_name\" content=\"Manfred Knoche\" \/>\n<meta name=\"twitter:card\" content=\"summary_large_image\" \/>\n<meta name=\"twitter:label1\" content=\"Gesch\u00e4tzte Lesezeit\" \/>\n\t<meta name=\"twitter:data1\" content=\"1\u00a0Minute\" \/>\n<script type=\"application\/ld+json\" class=\"yoast-schema-graph\">{\"@context\":\"https:\\\/\\\/schema.org\",\"@graph\":[{\"@type\":\"WebPage\",\"@id\":\"https:\\\/\\\/www.medienoekonomie.at\\\/?page_id=18\",\"url\":\"https:\\\/\\\/www.medienoekonomie.at\\\/?page_id=18\",\"name\":\"Willkommen | Manfred Knoche\",\"isPartOf\":{\"@id\":\"https:\\\/\\\/www.medienoekonomie.at\\\/#website\"},\"datePublished\":\"2022-08-13T21:25:45+00:00\",\"breadcrumb\":{\"@id\":\"https:\\\/\\\/www.medienoekonomie.at\\\/?page_id=18#breadcrumb\"},\"inLanguage\":\"de\",\"potentialAction\":[{\"@type\":\"ReadAction\",\"target\":[\"https:\\\/\\\/www.medienoekonomie.at\\\/?page_id=18\"]}]},{\"@type\":\"BreadcrumbList\",\"@id\":\"https:\\\/\\\/www.medienoekonomie.at\\\/?page_id=18#breadcrumb\",\"itemListElement\":[{\"@type\":\"ListItem\",\"position\":1,\"name\":\"Startseite\",\"item\":\"https:\\\/\\\/www.medienoekonomie.at\\\/\"},{\"@type\":\"ListItem\",\"position\":2,\"name\":\"Willkommen\"}]},{\"@type\":\"WebSite\",\"@id\":\"https:\\\/\\\/www.medienoekonomie.at\\\/#website\",\"url\":\"https:\\\/\\\/www.medienoekonomie.at\\\/\",\"name\":\"Manfred Knoche\",\"description\":\"Kritik der politischen \u00d6konomie der Medien\",\"publisher\":{\"@id\":\"https:\\\/\\\/www.medienoekonomie.at\\\/#\\\/schema\\\/person\\\/a0234e5d142d94ce49ba4e5d9ebaa90c\"},\"potentialAction\":[{\"@type\":\"SearchAction\",\"target\":{\"@type\":\"EntryPoint\",\"urlTemplate\":\"https:\\\/\\\/www.medienoekonomie.at\\\/?s={search_term_string}\"},\"query-input\":{\"@type\":\"PropertyValueSpecification\",\"valueRequired\":true,\"valueName\":\"search_term_string\"}}],\"inLanguage\":\"de\"},{\"@type\":[\"Person\",\"Organization\"],\"@id\":\"https:\\\/\\\/www.medienoekonomie.at\\\/#\\\/schema\\\/person\\\/a0234e5d142d94ce49ba4e5d9ebaa90c\",\"name\":\"Manfred Knoche\",\"image\":{\"@type\":\"ImageObject\",\"inLanguage\":\"de\",\"@id\":\"https:\\\/\\\/i0.wp.com\\\/www.medienoekonomie.at\\\/wp-content\\\/uploads\\\/2022\\\/08\\\/image.jpeg?fit=151%2C167&ssl=1\",\"url\":\"https:\\\/\\\/i0.wp.com\\\/www.medienoekonomie.at\\\/wp-content\\\/uploads\\\/2022\\\/08\\\/image.jpeg?fit=151%2C167&ssl=1\",\"contentUrl\":\"https:\\\/\\\/i0.wp.com\\\/www.medienoekonomie.at\\\/wp-content\\\/uploads\\\/2022\\\/08\\\/image.jpeg?fit=151%2C167&ssl=1\",\"width\":151,\"height\":167,\"caption\":\"Manfred Knoche\"},\"logo\":{\"@id\":\"https:\\\/\\\/i0.wp.com\\\/www.medienoekonomie.at\\\/wp-content\\\/uploads\\\/2022\\\/08\\\/image.jpeg?fit=151%2C167&ssl=1\"},\"sameAs\":[\"https:\\\/\\\/www.medienoekonomie.at\"]}]}<\/script>\n<!-- \/ Yoast SEO plugin. -->","yoast_head_json":{"title":"Willkommen | Manfred Knoche","robots":{"index":"index","follow":"follow","max-snippet":"max-snippet:-1","max-image-preview":"max-image-preview:large","max-video-preview":"max-video-preview:-1"},"canonical":"https:\/\/www.medienoekonomie.at\/?page_id=18","og_locale":"de_DE","og_type":"article","og_title":"Willkommen | Manfred Knoche","og_description":"Ich freue mich \u00fcber Ihr Interesse an&nbsp;Medien\u00f6konomie als wissenschaftlicher Teildisziplin der Kommunikationswissenschaft und als gesellschaftlicher Praxisbereich (Medienwirtschaft).&nbsp; Mein theoretischer Ansatz ist eine&nbsp;Kritik der politischen \u00d6konomie der Medien, d.h. medien\u00f6konomische Analysen werden als Teil einer&nbsp;Gesellschaftskritik (Kapitalismuskritik)&nbsp;im Rahmen&nbsp;kritischer Gesellschaftstheorie&nbsp;durchgef\u00fchrt. Sie finden auf &hellip; Weiterlesen &rarr;","og_url":"https:\/\/www.medienoekonomie.at\/?page_id=18","og_site_name":"Manfred Knoche","twitter_card":"summary_large_image","twitter_misc":{"Gesch\u00e4tzte Lesezeit":"1\u00a0Minute"},"schema":{"@context":"https:\/\/schema.org","@graph":[{"@type":"WebPage","@id":"https:\/\/www.medienoekonomie.at\/?page_id=18","url":"https:\/\/www.medienoekonomie.at\/?page_id=18","name":"Willkommen | Manfred Knoche","isPartOf":{"@id":"https:\/\/www.medienoekonomie.at\/#website"},"datePublished":"2022-08-13T21:25:45+00:00","breadcrumb":{"@id":"https:\/\/www.medienoekonomie.at\/?page_id=18#breadcrumb"},"inLanguage":"de","potentialAction":[{"@type":"ReadAction","target":["https:\/\/www.medienoekonomie.at\/?page_id=18"]}]},{"@type":"BreadcrumbList","@id":"https:\/\/www.medienoekonomie.at\/?page_id=18#breadcrumb","itemListElement":[{"@type":"ListItem","position":1,"name":"Startseite","item":"https:\/\/www.medienoekonomie.at\/"},{"@type":"ListItem","position":2,"name":"Willkommen"}]},{"@type":"WebSite","@id":"https:\/\/www.medienoekonomie.at\/#website","url":"https:\/\/www.medienoekonomie.at\/","name":"Manfred Knoche","description":"Kritik der politischen \u00d6konomie der Medien","publisher":{"@id":"https:\/\/www.medienoekonomie.at\/#\/schema\/person\/a0234e5d142d94ce49ba4e5d9ebaa90c"},"potentialAction":[{"@type":"SearchAction","target":{"@type":"EntryPoint","urlTemplate":"https:\/\/www.medienoekonomie.at\/?s={search_term_string}"},"query-input":{"@type":"PropertyValueSpecification","valueRequired":true,"valueName":"search_term_string"}}],"inLanguage":"de"},{"@type":["Person","Organization"],"@id":"https:\/\/www.medienoekonomie.at\/#\/schema\/person\/a0234e5d142d94ce49ba4e5d9ebaa90c","name":"Manfred Knoche","image":{"@type":"ImageObject","inLanguage":"de","@id":"https:\/\/i0.wp.com\/www.medienoekonomie.at\/wp-content\/uploads\/2022\/08\/image.jpeg?fit=151%2C167&ssl=1","url":"https:\/\/i0.wp.com\/www.medienoekonomie.at\/wp-content\/uploads\/2022\/08\/image.jpeg?fit=151%2C167&ssl=1","contentUrl":"https:\/\/i0.wp.com\/www.medienoekonomie.at\/wp-content\/uploads\/2022\/08\/image.jpeg?fit=151%2C167&ssl=1","width":151,"height":167,"caption":"Manfred Knoche"},"logo":{"@id":"https:\/\/i0.wp.com\/www.medienoekonomie.at\/wp-content\/uploads\/2022\/08\/image.jpeg?fit=151%2C167&ssl=1"},"sameAs":["https:\/\/www.medienoekonomie.at"]}]}},"_links":{"self":[{"href":"https:\/\/www.medienoekonomie.at\/index.php?rest_route=\/wp\/v2\/pages\/18","targetHints":{"allow":["GET"]}}],"collection":[{"href":"https:\/\/www.medienoekonomie.at\/index.php?rest_route=\/wp\/v2\/pages"}],"about":[{"href":"https:\/\/www.medienoekonomie.at\/index.php?rest_route=\/wp\/v2\/types\/page"}],"author":[{"embeddable":true,"href":"https:\/\/www.medienoekonomie.at\/index.php?rest_route=\/wp\/v2\/users\/1"}],"replies":[{"embeddable":true,"href":"https:\/\/www.medienoekonomie.at\/index.php?rest_route=%2Fwp%2Fv2%2Fcomments&post=18"}],"version-history":[{"count":2,"href":"https:\/\/www.medienoekonomie.at\/index.php?rest_route=\/wp\/v2\/pages\/18\/revisions"}],"predecessor-version":[{"id":53,"href":"https:\/\/www.medienoekonomie.at\/index.php?rest_route=\/wp\/v2\/pages\/18\/revisions\/53"}],"wp:attachment":[{"href":"https:\/\/www.medienoekonomie.at\/index.php?rest_route=%2Fwp%2Fv2%2Fmedia&parent=18"}],"curies":[{"name":"wp","href":"https:\/\/api.w.org\/{rel}","templated":true}]}}

<p>Ich freue mich über Ihr Interesse an<strong>&nbsp;Medienökonomie als wissenschaftlicher Teildisziplin der Kommunikationswissenschaft und als gesellschaftlicher Praxisbereich (Medienwirtschaft).</strong>&nbsp;</p>



<p>Mein theoretischer Ansatz ist eine&nbsp;<strong>Kritik der politischen Ökonomie der Medien</strong>, d.h. medienökonomische Analysen werden als Teil einer&nbsp;<strong>Gesellschaftskritik (Kapitalismuskritik)</strong>&nbsp;im Rahmen&nbsp;<strong>kritischer Gesellschaftstheorie</strong>&nbsp;durchgeführt. </p>



<p>Sie finden auf diesen websites Hinweise zu meiner Forschungs- und Lehrtätigkeit sowie zu meinen wissenschaftlichen Publikationen zu den Fachgebieten </p>



<ul class="wp-block-list"><li>Medienökonomie, Medienkonzentration, </li></ul>



<ul class="wp-block-list"><li>Kritik der Politischen Ökonomie der Medien, </li></ul>



<ul class="wp-block-list"><li>Digitalisierung/Restrukturierung/Transformation der Medienindustrie, </li></ul>



<ul class="wp-block-list"><li>Jugendpresse, </li></ul>



<ul class="wp-block-list"><li>Neue Medien, </li></ul>



<ul class="wp-block-list"><li>Nichtkommerzielle Alternative Medien, </li></ul>



<ul class="wp-block-list"><li>Medienjournalismus, </li></ul>



<ul class="wp-block-list"><li>Pressevertrieb/Postzeitungsdienst, </li></ul>



<ul class="wp-block-list"><li>, Medienwirkungsforschung, </li></ul>



<ul class="wp-block-list"><li>Wissenschaftskommunikation OPEN ACCESS.</li></ul>



<h2 class="wp-block-heading">O.Univ. Prof. Em. Dr. Manfred Knoche<br>Universität Salzburg, Fachbereich Kommunikationswissenschaft</h2>



<p></p>



<p></p>



<h2 class="wp-block-heading"><strong>Was ist Medienökonomie?</strong></h2>



<p>Die kommunikationswissenschaftliche Medienökonomie hat einen dreifachen <strong>Praxisbezug:</strong> </p>



<ul class="wp-block-list"><li>einen analytischen (universitäre Forschung und Lehre), </li></ul>



<ul class="wp-block-list"><li>einen pragmatischen (Beratungsprojekte) sowie </li></ul>



<ul class="wp-block-list"><li>einen edukativen (Ausbildung von Studierenden). </li></ul>



<p>Zentrales Anliegen ist die Vermittlung medienökonomischer Fachkompetenzen. Die Generierung dieser Kompetenzen bedarf der <strong>empirisch fundierten Analyse von Prozessen und Auswirkungen </strong>einer internationalen Kapitalisierung des Informations-, Kommunikations-, Medien- und Kultursektors. </p>



<p>Da Medienunternehmen fast ausschließlich <strong>kapitalistisch-privatwirtschaftlich</strong> organisiert sind, Medienprodukte folglich als Waren nach „Markt- und Wettbewerbsprinzipien“ unter der Zielsetzung der Profitmaximierung bereitgestellt werden, ist die medienökonomische Analyse grundlegend für das Studium der Kommunikationswissenschaft, aber auch für eine darüber hinausgehende <strong>Gesellschaftsanalyse, -theorie und -kritik im Rahmen von Kapitakismusanalyse, -theorie und -kritik</strong>.</p>

<p>Ich freue mich über Ihr Interesse an&nbsp;Medienökonomie als wissenschaftlicher Teildisziplin der Kommunikationswissenschaft und als gesellschaftlicher Praxisbereich (Medienwirtschaft).&nbsp; Mein theoretischer Ansatz ist eine&nbsp;Kritik der politischen Ökonomie der Medien, d.h. medienökonomische Analysen werden als Teil einer&nbsp;Gesellschaftskritik (Kapitalismuskritik)&nbsp;im Rahmen&nbsp;kritischer Gesellschaftstheorie&nbsp;durchgeführt. Sie finden auf &hellip; <a href="https://www.medienoekonomie.at/?page_id=18">Weiterlesen <span class="meta-nav">&rarr;</span></a></p>

<!-- This site is optimized with the Yoast SEO plugin v27.5 - https://yoast.com/product/yoast-seo-wordpress/ -->
<title>Willkommen | Manfred Knoche</title>
<meta name="robots" content="index, follow, max-snippet:-1, max-image-preview:large, max-video-preview:-1" />
<link rel="canonical" href="https://www.medienoekonomie.at/?page_id=18" />
<meta property="og:locale" content="de_DE" />
<meta property="og:type" content="article" />
<meta property="og:title" content="Willkommen | Manfred Knoche" />
<meta property="og:description" content="Ich freue mich über Ihr Interesse an&nbsp;Medienökonomie als wissenschaftlicher Teildisziplin der Kommunikationswissenschaft und als gesellschaftlicher Praxisbereich (Medienwirtschaft).&nbsp; Mein theoretischer Ansatz ist eine&nbsp;Kritik der politischen Ökonomie der Medien, d.h. medienökonomische Analysen werden als Teil einer&nbsp;Gesellschaftskritik (Kapitalismuskritik)&nbsp;im Rahmen&nbsp;kritischer Gesellschaftstheorie&nbsp;durchgeführt. Sie finden auf &hellip; Weiterlesen &rarr;" />
<meta property="og:url" content="https://www.medienoekonomie.at/?page_id=18" />
<meta property="og:site_name" content="Manfred Knoche" />
<meta name="twitter:card" content="summary_large_image" />
<meta name="twitter:label1" content="Geschätzte Lesezeit" />
	<meta name="twitter:data1" content="1 Minute" />
<script type="application/ld+json" class="yoast-schema-graph">{"@context":"https:\/\/schema.org","@graph":[{"@type":"WebPage","@id":"https:\/\/www.medienoekonomie.at\/?page_id=18","url":"https:\/\/www.medienoekonomie.at\/?page_id=18","name":"Willkommen | Manfred Knoche","isPartOf":{"@id":"https:\/\/www.medienoekonomie.at\/#website"},"datePublished":"2022-08-13T21:25:45+00:00","breadcrumb":{"@id":"https:\/\/www.medienoekonomie.at\/?page_id=18#breadcrumb"},"inLanguage":"de","potentialAction":[{"@type":"ReadAction","target":["https:\/\/www.medienoekonomie.at\/?page_id=18"]}]},{"@type":"BreadcrumbList","@id":"https:\/\/www.medienoekonomie.at\/?page_id=18#breadcrumb","itemListElement":[{"@type":"ListItem","position":1,"name":"Startseite","item":"https:\/\/www.medienoekonomie.at\/"},{"@type":"ListItem","position":2,"name":"Willkommen"}]},{"@type":"WebSite","@id":"https:\/\/www.medienoekonomie.at\/#website","url":"https:\/\/www.medienoekonomie.at\/","name":"Manfred Knoche","description":"Kritik der politischen Ökonomie der Medien","publisher":{"@id":"https:\/\/www.medienoekonomie.at\/#\/schema\/person\/a0234e5d142d94ce49ba4e5d9ebaa90c"},"potentialAction":[{"@type":"SearchAction","target":{"@type":"EntryPoint","urlTemplate":"https:\/\/www.medienoekonomie.at\/?s={search_term_string}"},"query-input":{"@type":"PropertyValueSpecification","valueRequired":true,"valueName":"search_term_string"}}],"inLanguage":"de"},{"@type":["Person","Organization"],"@id":"https:\/\/www.medienoekonomie.at\/#\/schema\/person\/a0234e5d142d94ce49ba4e5d9ebaa90c","name":"Manfred Knoche","image":{"@type":"ImageObject","inLanguage":"de","@id":"https:\/\/i0.wp.com\/www.medienoekonomie.at\/wp-content\/uploads\/2022\/08\/image.jpeg?fit=151%2C167&ssl=1","url":"https:\/\/i0.wp.com\/www.medienoekonomie.at\/wp-content\/uploads\/2022\/08\/image.jpeg?fit=151%2C167&ssl=1","contentUrl":"https:\/\/i0.wp.com\/www.medienoekonomie.at\/wp-content\/uploads\/2022\/08\/image.jpeg?fit=151%2C167&ssl=1","width":151,"height":167,"caption":"Manfred Knoche"},"logo":{"@id":"https:\/\/i0.wp.com\/www.medienoekonomie.at\/wp-content\/uploads\/2022\/08\/image.jpeg?fit=151%2C167&ssl=1"},"sameAs":["https:\/\/www.medienoekonomie.at"]}]}</script>
<!-- / Yoast SEO plugin. -->

Ich freue mich über Ihr Interesse an&nbsp;Medienökonomie als wissenschaftlicher Teildisziplin der Kommunikationswissenschaft und als gesellschaftlicher Praxisbereich (Medienwirtschaft).&nbsp; Mein theoretischer Ansatz ist eine&nbsp;Kritik der politischen Ökonomie der Medien, d.h. medienökonomische Analysen werden als Teil einer&nbsp;Gesellschaftskritik (Kapitalismuskritik)&nbsp;im Rahmen&nbsp;kritischer Gesellschaftstheorie&nbsp;durchgeführt. Sie finden auf &hellip; Weiterlesen &rarr;

Kritik der politischen Ökonomie der Medien
